*2 - 2 + t. Give l(j).
0
Let n(w) be the second derivative of w**6/10 - w**5/60 + w**3/6 + 3*w**2/2 - w. Let x(h) be the first derivative of n(h). What is x(1)?
12
Let t(q) = 3*q - 2. Suppose -4*m + 5 = -3*m. Let u = -15 + 22. Let f = u - m. What is t(f)?
4
Let q(w) = -2. Let f(r) = r - 17. Let g(i) = -2*f(i) + 18*q(i). Let n(s) = s**2 + s + 3. Let p be n(0). Suppose p*b = -2*b - 15. Calculate g(b).
4
Let y(s) = -s**3 + s**2 - s - 7. Let l(c) = -c**3 + 5*c**2 - 4*c. Let i = -3 + 7. Let f be l(i). Determine y(f).
-7
Let o be ((-3)/(-3))/(6/18). Let w(m) = -3*m**o - 20*m - 2*m**2 + 21*m - 4*m**3. Let r be (0 - 1)/(-1*1). Determine w(r).
-8
Let c be 22/(-3) - 1/(-3). Let u = c - -11. Let a(g) = -g**2 + 7*g - 7. Let m(d) = -2*d**2 + 13*d - 13. Let r(x) = 5*a(x) - 3*m(x). Determine r(u).
4
Let l(i) = 10*i**2 + i - 1. Let p be (-7)/(35/(-15)) - 2. What is l(p)?
10
Let w(k) = -k**3 - k**2 + 2. Let c = 1 - 1. Suppose c = -r + 4*a - 2, -4*a = -r - 2*a. What is w(r)?
-10
Let l = -4 + 7. Suppose -16 = 3*t - q + 6*q, 5*q = -2*t - 19. Let s(n) = -31*n**2 + 0 + 32*n**2 - t - n. What is s(l)?
3
Let m = 0 - -1. Let g(h) be the first derivative of h**2 - h - 1. Give g(m).
1
Let x = -23 - -19. Let r(p) = p**3 + 2*p**2 - 7*p - 5. Calculate r(x).
-9
Let i(t) be the second derivative of -t**3/3 + t**2/2 + t + 6. Determine i(-7).
15
Suppose p - 5*u = 4*p - 19, -p - 5 = -4*u. Let v(r) = -3*r**2 - 3 - 6*r**2 + 2*r + 5*r**2 + 3*r**2. Determine v(p).
-6
Let j(c) be the third derivative of c**5/60 - 5*c**4/24 + 2*c**3/3 - 9*c**2. Give j(3).
-2
Let g = 144 - 145. Let c(u) = -22*u + 1. Calculate c(g).
23
Let q(f) = -6*f**2 + 2. Let p(v) = 5*v**2 - 2. Let m(h) = 5*p(h) + 4*q(h). Suppose 0 = -0*x - 5*x - u - 12, x + 5*u = -12. Give m(x).
2
Let y(z) = z - 1. Let p be y(5). Let a(n) = n**3 - 5*n**2 + 3*n + 3. Determine a(p).
-1
Suppose -2 - 4 = w. Let m(u) = -3*u**2 + 3 + 5 - 3*u + 2*u**2. Determine m(w).
-10
Let v(i) be the third derivative of -1/60*i**5 + 0*i + 2*i**2 + 1/24*i**4 - 5/3*i**3 + 0. Calculate v(0).
-10
Let b(t) = t**3 + 5*t**2 - 7*t + 8. Suppose 3*x + 19 = 1. Determine b(x).
14
Let q(z) = -3*z**2 - 3*z - 2. Let u(o) = 8*o**2 + 8*o + 5. Let v(i) = -11*q(i) - 4*u(i). Suppose -2*b + 0 = 4. What is v(b)?
4
Let g = -35 + 35. Let d(f) be the first derivative of 5*f - 2 + 0*f**2 + g*f**3 + 1/4*f**4. Determine d(0).
5
Let o(v) = -2*v**2 + 5*v - 1. Suppose 0 = 2*m + 2*m - 20. Suppose -g - 3*i + 22 = -0*g, 70 = m*g - 5*i. Let n be (-3)/(-1)*g/12. What is o(n)?
-13
Let w = 0 + 1. Let p = -4 - w. Let b(t) = t - 2. Calculate b(p).
-7
Let k(t) = -t**3 - t**2 - t + 7. Let u be -1 - (-4 + (-1 - -4)). Determine k(u).
7
Let k(f) = -6*f - f**2 + 23 - 10 - 11. Determine k(-7).
-5
Let a = 23 + -10. Suppose -w + 4 = -4*m + 3*w, -m - 5*w = a. Let z(j) = -j + 3. Give z(m).
6
Let i(t) = -t. Let b(j) = j**2 + 7*j - 4. Let o(l) = b(l) + 2*i(l). Let n be o(-6). Let k(z) = -z**n - 3*z + 5*z + 6 - 3. Calculate k(3).
0
Suppose 3*k - 5*d + 9 = -1, 10 = 2*d. Let c(v) = -4*v + 0*v + k*v. Give c(1).
1
Suppose k - 2*k + 2*v + 10 = 0, -2*v = 0. Let n(m) = -m**3 + 6 + 0 - k - m**2 + 8. What is n(0)?
4
Suppose n = 2*n - 6. Let q be 0*(0 + 3 - 2). Suppose g + n - 5 = q. Let m(f) = -9*f**2 + f. Give m(g).
-10
Let t(x) = x**2 - 8*x + 6. Let n = 55 - 51. Determine t(n).
-10
Let c = 19 - 14. Let f(t) = 0*t + 0*t + c - 4*t + 2*t. Give f(4).
-3
Suppose 4*b + 4*x = -8 - 16, -x = 3*b + 18. Let h(z) = -z**3 - 6*z**2 + 3*z + 7. Calculate h(b).
-11
Let w = -3 - -5. Suppose w - 3 = -v. Suppose t = -3*c - 2, -5*t + 4*t - 2*c = v. Let j(r) = 3*r - 1. Calculate j(t).
2
Let l(a) = a**2 + 2*a + 1. Let b = 0 - 2. Let c be 22/33*9/b. Determine l(c).
4
Let k(c) = c**3 - c**2 - 5*c + 2. Let d be (4/(-6))/(3 + 58/(-18)). What is k(d)?
5
Let s(w) be the third derivative of w**5/30 - w**4/8 + w**3/6 + 2*w**2. Let r = 5 + -3. Let o be s(r). Let f(t) = t**3 - 2*t**2 - 2*t - 4. Calculate f(o).
-1
Let p(o) = 2*o + 22. Let b be p(-7). Let s(t) = -t**2 + 8*t - 1. Give s(b).
-1
Let q(o) = -2*o**3 + 6. Let a = 2 - 5. Let n(u) = 5*u**3 - u - 13. Let y(b) = a*n(b) - 7*q(b). Determine y(2).
-5
Let a(z) = z**2 + 5*z + 3. Let p be a(-5). Let l(v) = 6*v + 2 + p - 6. What is l(1)?
5
Let i(p) be the first derivative of -p**3/3 + 5*p**2/2 - 4*p - 7. Give i(3).
2
Let f(b) = -6*b + 2. Let d = -168 + 171. What is f(d)?
-16
Let t(p) be the second derivative of p**3/6 - 5*p**2/2 - 23*p. Give t(5).
0
Let g(v) = -5 + 6 - v - 5 - 1. Calculate g(4).
-9
Let l(t) = -t**2 - 1 - 1 + 1 + 7*t. Give l(3).
11
Let l(r) be the third derivative of 0 + r**3 - 1/60*r**5 + r**2 + 5/24*r**4 + 0*r. Determine l(7).
-8
Let b(g) = -g**2 + g - 1. Let s(n) = n**3 + 5*n**2 - 4*n - 6. Let z(q) = 4*b(q) + s(q). Give z(0).
-10
Let h = 35 - 41. Let p(r) = -3*r - 8. Calculate p(h).
10
Let h(g) be the second derivative of -g**5/20 - 5*g**4/12 - g**3/3 - g**2/2 - 16*g. What is h(-3)?
-13
Let u(z) = z**3 - 4*z + 30 + z - z**2 - 33. What is u(-2)?
-9
Let v be (0/3)/(1*-2). Let c(f) = f + 4 + 0*f + v. Let g be (8/(-6))/((-3)/(-9)). Determine c(g).
0
Let y(c) = -6*c**3 + 26*c**2 - 11*c - 16. Let p(n) = n**3 - 5*n**2 + 2*n + 3. Let w(q) = 11*p(q) + 2*y(q). Suppose -12*o = -14*o - 4. Give w(o).
-3
Let p(v) be the third derivative of -v**5/60 + 7*v**4/24 + 3*v**3/2 + 6*v**2. Calculate p(7).
9
Let z be (1/(-2))/((-3)/(-30)). Let i(b) = b**2 + 0*b**2 + 4 + 1 + 7*b. What is i(z)?
-5
Suppose -4*m = 2*u + 13 + 5, -2*u = m + 6. Let x(j) = -j**2 - 6*j - 4. Calculate x(m).
4
Let s(l) = -l - 5. Let c be s(-6). Let y = 3 + c. Let o(m) = m**2 - 4*m + 4. Calculate o(y).
4
Suppose -j + 0*k - 5*k = -6, -2 = 2*j + 3*k. Let g = j + 6. Suppose 5 + 0 = g*q - d, 5 = -5*d. Let z(i) = -i + 4. What is z(q)?
2
Let n be 2/(-2)*(-2 - (-2 - -1)). Let c(r) = 7*r**3 + r**2 - 2*r + 1. Give c(n).
7
Let m(z) be the first derivative of 1/3*z**3 + z - 2 - z**4 + z**2. What is m(-1)?
4
Suppose 0 = 5*y + 7 - 2. Let m(w) = 4*w**2. What is m(y)?
4
Let z(f) be the first derivative of f**4/4 + f**3 + f**2/2 - 3*f - 1. Let s = -18 - -15. Give z(s).
-6
Let c(x) = x**3 + 5*x**2 - 7*x + 1. Suppose 2*m - 6*m - 46 = -2*o, -5*m + 16 = o. Suppose -5*n - o = -3*r, 4*n + 2*r + 0*r = -30. Determine c(n).
7
Suppose 5*v - 2*o - o = -45, 3*v + 43 = 5*o. Let c(p) = -p. Let i(k) = -k**2 - 9*k + 3. Let w(h) = -4*c(h) + i(h). What is w(v)?
-3
Let w(f) = -2 + 2*f - f**2 + 2*f + 3. Let q(b) = b**3 + 17*b**2 - b - 12. Let i be q(-17). Give w(i).
-4
Let h(n) = 7*n**3 + n. Let u(i) be the third derivative of 0*i - 1/60*i**5 - i**2 - 1/2*i**3 + 0 - 1/6*i**4. Let y be u(-2). Calculate h(y).
8
Let b(l) = -83 + 75 - 4*l + 3*l. Let n(a) = a**3 - 7*a**2 + 6*a - 6. Let c be n(6). Determine b(c).
-2
Let v be (-22)/(-6) + 2/(-3). Suppose -k + 4 = -v. Suppose 2*a + k = -0*a + m, -20 = 5*a - 3*m. Let q(p) = -p**3 + 2*p + 1. Calculate q(a).
0
Let l(h) be the first derivative of -1/2*h**2 - 2*h + 5. What is l(-7)?
5
Let w(p) = p**3 + 5*p**2 + 6*p + 6. Suppose 3*y = -7 - 5. Give w(y).
-2
Let m = 6 - 11. Let o(g) = -5*g. Let h(i) = -i + 1. Let d(k) = k**2 - k - 7. Let r be d(3). Let q(t) = r*o(t) + 3*h(t). Calculate q(m).
-7
Let u(t) be the second derivative of -t**3/2 - 3*t**2/2 + 15*t. Calculate u(-4).
9
Let y(r) = -4*r**3 + 4*r**2 + r + 4. Let q(w) = -7*w**3 + 7*w**2 + 2*w + 8. Let a(g) = 3*q(g) - 5*y(g). Give a(3).
-11
Let u(l) = 5 - 1 + 5 - l + 2. Let h(q) = -q + 12. Let x(d) = 2*h(d) - 3*u(d). Give x(5).
-4
Suppose 0 = 4*l - 4 + 16, -5*l - 18 = -s. Let r(g) = -g**3 - 1 + 3*g**3 - 4*g - 3*g**2 - g**s + 2*g. Determine r(3).
-7
Let f(x) = 8*x**3 - x. Suppose m - 1 = -0. Calculate f(m).
7
Let f(l) = l**2 + 6*l + 1. Let m(x) = x**2 - 18*x + 26. Let q be m(16). Determine f(q).
1
Let w = -30 + 15. Let k be (w/12)/((-5)/20). Let x(h) = h**3 - 4*h**2 - 4*h - 4. Give x(k).
1
Let p = 40 - 37. Let a(x) = -1 - 2*x**2 + 3*x**2 - 4*x + 2*x**2. Calculate a(p).
14
Let g(k) = 3*k - 9 - 3*k - 3*k + 4*k. Give g(5).
-4
Let o(a) = -3*a**3 + 2*a**3 + 1 - 3 + a**2 + 9*a - 2*a**3. Let r(u) = -u**3 + 4*u - 1. Let k = 6 + -8. Let b(q) = k*o(q) + 5*r(q). What is b(1)?
0
Suppose -2*s + 0*s + 10 = 0. Suppose 0 = s*z + 2 - 7. Let k(q) = -2*q**2 + 2*q - 1. What is k(z)?
-1
Let g(k) = k**2 - 1. Let z(b) = 3*b**2 + 2*b - 5. Let j(q) = -4*g(q) + z(q). What is j(1)?
0
Let x(r) = -r**2